onvert -665446 (base 9) to base 13.
-10c011
-4013420 (base 5) to base 7
-353311
Convert -1001011002212 (base 3) to base 4.
-2013102011
Convert 9172 (base 12) to base 15.
4a22
What is 1135324 (base 6) in base 9?
100577
What is 310332230311 (base 4) in base 14?
1bb74a1
Convert -66245105 (base 7) to base 8.
-25555353
-1503135 (base 9) to base 12
-33b8a2
Convert 253156 (base 8) to base 10.
87662
-10230215 (base 7) to base 9
-1556742
-5724417 (base 8) to base 16
-17a90f
Convert -8066474 (base 10) to base 4.
-132301112222
What is -41453224 (base 6) in base 14?
-235076
Convert -264ca (base 14) to base 9.
-153261
Convert 22200421 (base 5) to base 14.
50913
What is -110303221 (base 4) in base 16?
-14ce9
Convert 216307 (base 8) to base 6.
1321303
3728cc (base 14) to base 15
274d4a
12c77 (base 14) to base 2
1011010100011001
What is -2012101012201 (base 3) in base 14?
-225cd7
What is 32133 (base 9) in base 11?
14a70
What is -1018180 (base 10) in base 12?
-411284
1ccc7 (base 16) to base 5
12233314
What is 34cb56 (base 13) in base 10?
1256417
Convert -144827 (base 10) to base 9.
-240588
113231343 (base 7) to base 6
405354553
Convert 1134220323 (base 5) to base 3.
11222112122222
-100100101001011110111 (base 2) to base 12
-49ab5b
What is -322333223 (base 4) in base 2?
-111010111111101011
Convert 21020202200220 (base 3) to base 2.
1110101100101111011011
404244133 (base 5) to base 7
16614463
-426020 (base 7) to base 10
-74102
Convert -936992 (base 10) to base 3.
-1202121022102
Convert -11100111001101111100 (base 2) to base 13.
-2720c5
What is -128797 (base 10) in base 3?
-20112200021
What is -20020132220 (base 4) in base 3?
-11000022101112
What is -14232433 (base 6) in base 5?
-111032342
-231226 (base 9) to base 3
-21001020220
Convert -15b51a (base 12) to base 5.
-43403022
Convert 91104 (base 10) to base 4.
112033200
Convert 3ed7d0 (base 16) to base 5.
2023242410
What is 719908 (base 11) in base 9?
2150415
Convert 249221 (base 10) to base 15.
4dc9b
What is -11b338 (base 13) in base 2?
-1100111101001111111
1211211120 (base 3) to base 5
2130310
What is -42a29 (base 13) in base 3?
-20010002220
-b96805 (base 13) to base 10
-4355811
-2717a6 (base 11) to base 2
-1101000001110000011
What is 6271a43 (base 11) in base 12?
3852567
What is 121010002202100 (base 3) in base 14?
11cd064
What is 11032021111 (base 4) in base 3?
2120112110011
Convert 6e178a (base 15) to base 9.
10822164
What is 56b9 (base 14) in base 8?
35323
-22337625 (base 8) to base 13
-1002b87
What is 291a26 (base 13) in base 10?
1003554
Convert 4371483 (base 10) to base 5.
2104341413
5030335 (base 6) to base 8
717363
Convert -202021111333 (base 4) to base 12.
-2bb80a7
What is -122232210 (base 4) in base 7?
-634113
What is 706179 (base 13) in base 9?
4821610
-394303 (base 10) to base 5
-100104203
Convert 1001000011100010100011 (base 2) to base 11.
1381516
-3122840 (base 9) to base 6
-55433100
What is -1050004 (base 6) in base 8?
-147624
1771400 (base 8) to base 16
7f300
396c5 (base 15) to base 13
65864
230414310 (base 5) to base 9
1837870
-33342 (base 7) to base 3
-102112110
17042032 (base 8) to base 4
33010100122
115502204 (base 7) to base 3
111122220210012
Convert 35360 (base 7) to base 16.
2393
Convert 10210212121 (base 3) to base 2.
10010010011110011
Convert -22121103 (base 4) to base 2.
-1010011001010011
2fed3e (base 16) to base 5
1301002201
-91473 (base 10) to base 3
-11122110220
Convert 33224503 (base 7) to base 3.
12101111010201
Convert 4114023124 (base 5) to base 4.
133311131012
113001020 (base 4) to base 11
6491a
What is -10331333 (base 4) in base 3?
-1000220202
What is 1000011100000000101 (base 2) in base 15?
56dc5
Convert 34751 (base 14) to base 15.
27c62
What is -25205451 (base 6) in base 13?
-224887
Convert -41726c (base 14) to base 13.
-5c4856
Convert -409761 (base 11) to base 2.
-10100000011011001001
What is 60b4 (base 16) in base 7?
132114
68583c (base 13) to base 6
124524510
What is -17394b5 (base 12) in base 10?
-4806281
What is cad1 (base 16) in base 14?
14cc9
-2330310111 (base 4) to base 8
-2746425
Convert 1010010002100 (base 3) to base 2.
10010000101101100100
6701615 (base 8) to base 2
110111000001110001101
167a8c (base 13) to base 4
2020223210
What is 132212211 (base 4) in base 11?
861a4
What is -221392 (base 13) in base 12?
-328517
What is -192297 (base 11) in base 16?
-48396
Convert -14204404 (base 7) to base 10.
-1329325
What is 224144 (base 10) in base 6?
4445412
157647 (base 8) to base 3
2220112120
Convert a2306 (base 12) to base 14.
56db8
a23036 (base 12) to base 16
26ae6a
Convert -6c2ea (base 16) to base 5.
-103134424
-3241233 (base 5) to base 6
-1110230
Convert -21010220011120 (base 3) to base 5.
-1432444010
What is 4b821 (base 12) in base 7?
606445
-2000200012000 (base 3) to base 11
-675579
What is 30740 (base 13) in base 15?
1ab48
Convert 345365 (base 8) to base 4.
130223311
What is 5765 (base 8) in base 2?
101111110101
Convert 21220202 (base 4) to base 8.
115042
What is -714bf (base 16) in base 15?
-92778
-44a65 (base 13) to base 16
-1e785
-230b1a (base 12) to base 11
-353935
What is 2301034 (base 5) in base 16?
9f41
Convert -22010121102110 (base 3) to base 6.
-232351450
What is -3333125 (base 6) in base 12?
-811a5
3020210 (base 7) to base 13
c6b63
Convert 5437c2 (base 15) to base 12.
14153b5
What is a8a682 (base 12) in base 5?
1141004300
What is 24665 (base 8) in base 11?
8027
10010010011010010 (base 2) to base 16
124d2
What is -136938 (base 10) in base 6?
-2533550
Convert -5724b7 (base 12) to base 10.
-1393483
What is 83233 (base 16) in base 5?
114142024
Convert 3364542 (base 9) to base 7.
21264125
What is 2075845 (base 9) in base 6?
35505235
-104320 (base 5) to base 2
-111001111110
What is -1246561 (base 9) in base 13?
-1aaa42
1816091 (base 12) to base 13
1064536
-43676 (base 8) to base 14
-699c
12b39 (base 12) to base 4
12103131
Convert -2b204 (base 12) to base 4.
-32311210
Convert ca87c (base 15) to base 12.
270253
What is -2540324 (base 7) in base 4?
-1100112032
What is -20061565 (base 7) in base 11?
-a35865
What is -5653094 (base 10) in base 16?
-564266
What is -1ad57 (base 16) in base 5?
-12004121
Convert -d9524 (base 15) to base 5.
-134032114
-deaf (base 16) to base 8
-157257
334464 (base 11) to base 4
2002013122
What is 44333542 (base 6) in base 10?
1334438
-1012212524 (base 6) to base 7
-154660114
-115244530 (base 6) to base 7
-24552435
What is -2a9a2e (base 16) in base 6?
-135501502
341502312 (base 6) to base 14
b87a84
1001101010101001000 (base 2) to base 16
4d548
What is 3273 (base 16) in base 10?
12915
Convert -43a1b (base 16) to base 6.
-5534255
Convert 22032010 (base 6) to base 13.
1a0379
What is 1221121211 (base 4) in base 5?
102303332
Convert 11265132 (base 7) to base 2.
11110001111100010111
Convert -103103322212 (base 4) to base 15.
-69ee25
Convert -336721 (base 10) to base 2.
-1010010001101010001
What is 122553242 (base 7) in base 9?
15513258
-2087dc (base 16) to base 3
-11000022110110
Convert 16001 (base 10) to base 4.
3322001
What is 2321c (base 15) in base 3?
12200102200
Convert -5780073 (base 10) to base 13.
-1274b80
Convert -78a7492 (base 11) to base 13.
-2b3a0ba
What is -5ac69 (base 14) in base 9?
-367427
-41841c (base 13) to base 8
-5660152
Convert -1033103223 (base 4) to base 10.
-324843
Convert ac34c (base 14) to base 6.
12542000
What is 120211020001 (base 3) in base 8?
1140226
What is -1112332033 (base 5) in base 16?
-259b83
What is -21300244 (base 5) in base 9?
-305651
2316a7 (base 12) to base 9
1046651
Convert -11067 (base 9) to base 13.
-3466
Convert -11402423 (base 5) to base 4.
-122001311
What is 100011101001110111110100 (base 2) in base 7?
142305261
-4327204 (base 8) to base 14
-222428
Convert 17ec72 (base 16) to base 4.
11332301302
What is -97462 (base 14) in base 6?
-11501342
-24f5b8 (base 16) to base 15
-32ca50
What is -916aa3 (base 12) in base 9?
-4242726
-413327 (base 8) to base 7
-1110116
412946 (base 12) to base 15
152730
What is -c29 (base 15) in base 13?
-1329
-132188 (base 14) to base 3
-1020110210211
What is 121101133332 (base 4) in base 9?
13417150
21ac3 (base 13) to base 5
3424133
What is 1011100000000100000 (base 2) in base 7?
3126505
Convert a03a67 (base 11) to base 6.
54344254
Convert -4743716 (base 8) to base 5.
-312